{"id":155,"date":"2015-07-02T09:16:10","date_gmt":"2015-07-02T09:16:10","guid":{"rendered":"http:\/\/helemaure.fr\/?page_id=155"},"modified":"2015-07-02T10:21:03","modified_gmt":"2015-07-02T10:21:03","slug":"la-chambre-du-voyageur","status":"publish","type":"page","link":"https:\/\/helemaure.fr\/?page_id=155&lang=fr","title":{"rendered":"La chambre du voyageur"},"content":{"rendered":"<p style=\"text-align: justify;\"><a href=\"https:\/\/helemaure.fr\/wp-content\/uploads\/2015\/07\/La-chambre-du-voyageur-.jpg\"><img loading=\"lazy\" decoding=\"async\" class=\"alignright wp-image-156 size-medium\" src=\"https:\/\/helemaure.fr\/wp-content\/themes\/grey-opaque\/plugins\/lazy-load\/images\/1x1.trans.gif\" data-lazy-src=\"https:\/\/helemaure.fr\/wp-content\/uploads\/2015\/07\/La-chambre-du-voyageur--300x199.jpg\" alt=\"La chambre du voyageur\" width=\"300\" height=\"199\" \/><noscript><img loading=\"lazy\" decoding=\"async\" class=\"alignright wp-image-156 size-medium\" src=\"https:\/\/helemaure.fr\/wp-content\/uploads\/2015\/07\/La-chambre-du-voyageur--300x199.jpg\" alt=\"La chambre du voyageur\" width=\"300\" height=\"199\" srcset=\"https:\/\/helemaure.fr\/wp-content\/uploads\/2015\/07\/La-chambre-du-voyageur--300x199.jpg 300w, https:\/\/helemaure.fr\/wp-content\/uploads\/2015\/07\/La-chambre-du-voyageur-.jpg 448w\" sizes=\"(max-width: 300px) 100vw, 300px\" \/><\/noscript><\/a>La chambre du voyageur est situ\u00e9e \u00e0 l&#8217;\u00e9tage inf\u00e9rieur de la maison. Sa d\u00e9coration est centr\u00e9e sur les souvenirs de voyage des propri\u00e9taires successifs. Elle abrite un grand lit double et une de ses fen\u00eatres donne directement acc\u00e8s au jardin.<\/p>\n<p style=\"text-align: justify;\">Avec <a href=\"https:\/\/helemaure.fr\/?page_id=160\">la chambre Mandalay<\/a>, elle partage <a href=\"https:\/\/helemaure.fr\/?page_id=162\">la salle de bains d&#8217;en bas<\/a>.<\/p>\n<p style=\"text-align: justify;\"><a href=\"https:\/\/helemaure.fr\/wp-content\/uploads\/2015\/07\/Le-repos-du-voyageur.jpg\"><img loading=\"lazy\" decoding=\"async\" class=\"alignleft wp-image-157 size-thumbnail\" src=\"https:\/\/helemaure.fr\/wp-content\/themes\/grey-opaque\/plugins\/lazy-load\/images\/1x1.trans.gif\" data-lazy-src=\"https:\/\/helemaure.fr\/wp-content\/uploads\/2015\/07\/Le-repos-du-voyageur-150x150.jpg\" alt=\"Le repos du voyageur\" width=\"150\" height=\"150\" \/><noscript><img loading=\"lazy\" decoding=\"async\" class=\"alignleft wp-image-157 size-thumbnail\" src=\"https:\/\/helemaure.fr\/wp-content\/uploads\/2015\/07\/Le-repos-du-voyageur-150x150.jpg\" alt=\"Le repos du voyageur\" width=\"150\" height=\"150\" \/><\/noscript><\/a><\/p>\n<p><a href=\"https:\/\/helemaure.fr\/wp-content\/uploads\/2015\/07\/Souvenirs-du-voyageur.jpg\"><img loading=\"lazy\" decoding=\"async\" class=\"alignleft wp-image-158 size-thumbnail\" src=\"https:\/\/helemaure.fr\/wp-content\/themes\/grey-opaque\/plugins\/lazy-load\/images\/1x1.trans.gif\" data-lazy-src=\"https:\/\/helemaure.fr\/wp-content\/uploads\/2015\/07\/Souvenirs-du-voyageur-150x150.jpg\" alt=\"\" width=\"150\" height=\"150\" \/><noscript><img loading=\"lazy\" decoding=\"async\" class=\"alignleft wp-image-158 size-thumbnail\" src=\"https:\/\/helemaure.fr\/wp-content\/uploads\/2015\/07\/Souvenirs-du-voyageur-150x150.jpg\" alt=\"\" width=\"150\" height=\"150\" \/><\/noscript><\/a><\/p>\n<p style=\"text-align: justify;\"><a href=\"https:\/\/helemaure.fr\/wp-content\/uploads\/2015\/07\/Le-repos-du-voyageur.jpg\">\u00a0<\/a><\/p>\n","protected":false},"excerpt":{"rendered":"<p>La chambre du voyageur est situ\u00e9e \u00e0 l&#8217;\u00e9tage inf\u00e9rieur de la maison. Sa d\u00e9coration est centr\u00e9e sur les souvenirs de voyage des propri\u00e9taires successifs. Elle abrite un grand lit double et une de ses fen\u00eatres donne directement acc\u00e8s au jardin. &hellip; <a href=\"https:\/\/helemaure.fr\/?page_id=155&#038;lang=fr\">Continue reading <span class=\"meta-nav\">&rarr;<\/span><\/a><\/p>\n","protected":false},"author":1,"featured_media":0,"parent":0,"menu_order":0,"comment_status":"closed","ping_status":"closed","template":"","meta":{"footnotes":""},"_links":{"self":[{"href":"https:\/\/helemaure.fr\/index.php?rest_route=\/wp\/v2\/pages\/155"}],"collection":[{"href":"https:\/\/helemaure.fr\/index.php?rest_route=\/wp\/v2\/pages"}],"about":[{"href":"https:\/\/helemaure.fr\/index.php?rest_route=\/wp\/v2\/types\/page"}],"author":[{"embeddable":true,"href":"https:\/\/helemaure.fr\/index.php?rest_route=\/wp\/v2\/users\/1"}],"replies":[{"embeddable":true,"href":"https:\/\/helemaure.fr\/index.php?rest_route=%2Fwp%2Fv2%2Fcomments&post=155"}],"version-history":[{"count":2,"href":"https:\/\/helemaure.fr\/index.php?rest_route=\/wp\/v2\/pages\/155\/revisions"}],"predecessor-version":[{"id":164,"href":"https:\/\/helemaure.fr\/index.php?rest_route=\/wp\/v2\/pages\/155\/revisions\/164"}],"wp:attachment":[{"href":"https:\/\/helemaure.fr\/index.php?rest_route=%2Fwp%2Fv2%2Fmedia&parent=155"}],"curies":[{"name":"wp","href":"https:\/\/api.w.org\/{rel}","templated":true}]}}