{"id":247,"date":"2015-07-02T12:06:53","date_gmt":"2015-07-02T12:06:53","guid":{"rendered":"http:\/\/helemaure.fr\/?page_id=247"},"modified":"2015-07-03T11:53:24","modified_gmt":"2015-07-03T11:53:24","slug":"la-cuisine-den-bas","status":"publish","type":"page","link":"https:\/\/helemaure.fr\/?page_id=247&lang=fr","title":{"rendered":"La cuisine d&#8217;en bas"},"content":{"rendered":"<p style=\"text-align: justify;\"><a href=\"https:\/\/helemaure.fr\/wp-content\/uploads\/2015\/07\/Cuisine.jpg\"><img loading=\"lazy\" decoding=\"async\" class=\"alignright wp-image-249 size-medium\" src=\"https:\/\/helemaure.fr\/wp-content\/themes\/grey-opaque\/plugins\/lazy-load\/images\/1x1.trans.gif\" data-lazy-src=\"https:\/\/helemaure.fr\/wp-content\/uploads\/2015\/07\/Cuisine-300x199.jpg\" alt=\"La cuisine d'en bas\" width=\"300\" height=\"199\" \/><noscript><img loading=\"lazy\" decoding=\"async\" class=\"alignright wp-image-249 size-medium\" src=\"https:\/\/helemaure.fr\/wp-content\/uploads\/2015\/07\/Cuisine-300x199.jpg\" alt=\"La cuisine d'en bas\" width=\"300\" height=\"199\" srcset=\"https:\/\/helemaure.fr\/wp-content\/uploads\/2015\/07\/Cuisine-300x199.jpg 300w, https:\/\/helemaure.fr\/wp-content\/uploads\/2015\/07\/Cuisine.jpg 440w\" sizes=\"(max-width: 300px) 100vw, 300px\" \/><\/noscript><\/a>La cuisine d&#8217;en bas est la seconde cuisine de la maison. Elle est d\u00e9cor\u00e9e en fa\u00efence\u00a0de Salernes traditionnelles \u00a0poss\u00e8de en outre un acc\u00e8s direct sur <a href=\"https:\/\/helemaure.fr\/?page_id=363\">le patio<\/a>. Elle comprend<\/p>\n<ul>\n<li>Un r\u00e9frig\u00e9rateur cong\u00e9lateur<\/li>\n<li>Un four<\/li>\n<li>Un micro ondes<\/li>\n<li>Un lave vaisselle<\/li>\n<li>Et tout le n\u00e9cessaire de cuisine..<\/li>\n<\/ul>\n","protected":false},"excerpt":{"rendered":"<p>La cuisine d&#8217;en bas est la seconde cuisine de la maison. Elle est d\u00e9cor\u00e9e en fa\u00efence\u00a0de Salernes traditionnelles \u00a0poss\u00e8de en outre un acc\u00e8s direct sur le patio. Elle comprend Un r\u00e9frig\u00e9rateur cong\u00e9lateur Un four Un micro ondes Un lave vaisselle &hellip; <a href=\"https:\/\/helemaure.fr\/?page_id=247&#038;lang=fr\">Continue reading <span class=\"meta-nav\">&rarr;<\/span><\/a><\/p>\n","protected":false},"author":1,"featured_media":0,"parent":0,"menu_order":0,"comment_status":"closed","ping_status":"closed","template":"","meta":{"footnotes":""},"_links":{"self":[{"href":"https:\/\/helemaure.fr\/index.php?rest_route=\/wp\/v2\/pages\/247"}],"collection":[{"href":"https:\/\/helemaure.fr\/index.php?rest_route=\/wp\/v2\/pages"}],"about":[{"href":"https:\/\/helemaure.fr\/index.php?rest_route=\/wp\/v2\/types\/page"}],"author":[{"embeddable":true,"href":"https:\/\/helemaure.fr\/index.php?rest_route=\/wp\/v2\/users\/1"}],"replies":[{"embeddable":true,"href":"https:\/\/helemaure.fr\/index.php?rest_route=%2Fwp%2Fv2%2Fcomments&post=247"}],"version-history":[{"count":4,"href":"https:\/\/helemaure.fr\/index.php?rest_route=\/wp\/v2\/pages\/247\/revisions"}],"predecessor-version":[{"id":390,"href":"https:\/\/helemaure.fr\/index.php?rest_route=\/wp\/v2\/pages\/247\/revisions\/390"}],"wp:attachment":[{"href":"https:\/\/helemaure.fr\/index.php?rest_route=%2Fwp%2Fv2%2Fmedia&parent=247"}],"curies":[{"name":"wp","href":"https:\/\/api.w.org\/{rel}","templated":true}]}}