{"id":360,"date":"2015-07-03T11:28:48","date_gmt":"2015-07-03T11:28:48","guid":{"rendered":"http:\/\/helemaure.fr\/?page_id=360"},"modified":"2023-08-29T16:14:13","modified_gmt":"2023-08-29T16:14:13","slug":"le-boulodrome","status":"publish","type":"page","link":"https:\/\/helemaure.fr\/?page_id=360&lang=fr","title":{"rendered":"Le boulodrome"},"content":{"rendered":"<p style=\"text-align: justify;\"><a href=\"https:\/\/helemaure.fr\/wp-content\/uploads\/2023\/08\/Boulodrome-2-1-scaled.jpg\"><img loading=\"lazy\" decoding=\"async\" class=\"alignright wp-image-981 size-medium\" src=\"https:\/\/helemaure.fr\/wp-content\/themes\/grey-opaque\/plugins\/lazy-load\/images\/1x1.trans.gif\" data-lazy-src=\"https:\/\/helemaure.fr\/wp-content\/uploads\/2023\/08\/Boulodrome-2-1-225x300.jpg\" alt=\"\" width=\"225\" height=\"300\" \/><noscript><img loading=\"lazy\" decoding=\"async\" class=\"alignright wp-image-981 size-medium\" src=\"https:\/\/helemaure.fr\/wp-content\/uploads\/2023\/08\/Boulodrome-2-1-225x300.jpg\" alt=\"\" width=\"225\" height=\"300\" srcset=\"https:\/\/helemaure.fr\/wp-content\/uploads\/2023\/08\/Boulodrome-2-1-225x300.jpg 225w, https:\/\/helemaure.fr\/wp-content\/uploads\/2023\/08\/Boulodrome-2-1-768x1024.jpg 768w, https:\/\/helemaure.fr\/wp-content\/uploads\/2023\/08\/Boulodrome-2-1-1152x1536.jpg 1152w, https:\/\/helemaure.fr\/wp-content\/uploads\/2023\/08\/Boulodrome-2-1-1536x2048.jpg 1536w, https:\/\/helemaure.fr\/wp-content\/uploads\/2023\/08\/Boulodrome-2-1-scaled.jpg 1920w\" sizes=\"(max-width: 225px) 100vw, 225px\" \/><\/noscript><\/a>La p\u00e9tanque est un sport majeur en Provence et toute maison digne de ce nom poss\u00e8de un boulodrome. Helemaure ne saurait manquer \u00e0 la tradition. Le terrain de boule est situ\u00e9 juste devant la maison et on y acc\u00e8de directement depuis <a href=\"https:\/\/helemaure.fr\/?page_id=257\">la grande salle<\/a> ou <a href=\"https:\/\/helemaure.fr\/?page_id=363\">le patio<\/a>. \u00a0Avec 20 m de long, il permet les parties les plus acharn\u00e9es tout en offrant <a href=\"https:\/\/helemaure.fr\/?page_id=436\">une des plus belles vues <\/a>de la propri\u00e9t\u00e9. Et les spectateurs peuvent encourager leurs champions depuis <a href=\"https:\/\/helemaure.fr\/?page_id=57\">la terrasse<\/a>.<\/p>\n<p style=\"text-align: justify;\"><a href=\"https:\/\/helemaure.fr\/wp-content\/uploads\/2023\/08\/Boulodrome-1-1-scaled.jpg\"><img loading=\"lazy\" decoding=\"async\" class=\"alignright wp-image-982 size-medium\" src=\"https:\/\/helemaure.fr\/wp-content\/themes\/grey-opaque\/plugins\/lazy-load\/images\/1x1.trans.gif\" data-lazy-src=\"https:\/\/helemaure.fr\/wp-content\/uploads\/2023\/08\/Boulodrome-1-1-225x300.jpg\" alt=\"\" width=\"225\" height=\"300\" \/><noscript><img loading=\"lazy\" decoding=\"async\" class=\"alignright wp-image-982 size-medium\" src=\"https:\/\/helemaure.fr\/wp-content\/uploads\/2023\/08\/Boulodrome-1-1-225x300.jpg\" alt=\"\" width=\"225\" height=\"300\" srcset=\"https:\/\/helemaure.fr\/wp-content\/uploads\/2023\/08\/Boulodrome-1-1-225x300.jpg 225w, https:\/\/helemaure.fr\/wp-content\/uploads\/2023\/08\/Boulodrome-1-1-768x1024.jpg 768w, https:\/\/helemaure.fr\/wp-content\/uploads\/2023\/08\/Boulodrome-1-1-1152x1536.jpg 1152w, https:\/\/helemaure.fr\/wp-content\/uploads\/2023\/08\/Boulodrome-1-1-1536x2048.jpg 1536w, https:\/\/helemaure.fr\/wp-content\/uploads\/2023\/08\/Boulodrome-1-1-scaled.jpg 1920w\" sizes=\"(max-width: 225px) 100vw, 225px\" \/><\/noscript><\/a>Au bout du boulodrome, le vieux puits monte la garde depuis des d\u00e9cennies.<\/p>\n","protected":false},"excerpt":{"rendered":"<p>La p\u00e9tanque est un sport majeur en Provence et toute maison digne de ce nom poss\u00e8de un boulodrome. Helemaure ne saurait manquer \u00e0 la tradition. Le terrain de boule est situ\u00e9 juste devant la maison et on y acc\u00e8de directement &hellip; <a href=\"https:\/\/helemaure.fr\/?page_id=360&#038;lang=fr\">Continue reading <span class=\"meta-nav\">&rarr;<\/span><\/a><\/p>\n","protected":false},"author":1,"featured_media":0,"parent":0,"menu_order":0,"comment_status":"closed","ping_status":"closed","template":"","meta":{"footnotes":""},"_links":{"self":[{"href":"https:\/\/helemaure.fr\/index.php?rest_route=\/wp\/v2\/pages\/360"}],"collection":[{"href":"https:\/\/helemaure.fr\/index.php?rest_route=\/wp\/v2\/pages"}],"about":[{"href":"https:\/\/helemaure.fr\/index.php?rest_route=\/wp\/v2\/types\/page"}],"author":[{"embeddable":true,"href":"https:\/\/helemaure.fr\/index.php?rest_route=\/wp\/v2\/users\/1"}],"replies":[{"embeddable":true,"href":"https:\/\/helemaure.fr\/index.php?rest_route=%2Fwp%2Fv2%2Fcomments&post=360"}],"version-history":[{"count":7,"href":"https:\/\/helemaure.fr\/index.php?rest_route=\/wp\/v2\/pages\/360\/revisions"}],"predecessor-version":[{"id":983,"href":"https:\/\/helemaure.fr\/index.php?rest_route=\/wp\/v2\/pages\/360\/revisions\/983"}],"wp:attachment":[{"href":"https:\/\/helemaure.fr\/index.php?rest_route=%2Fwp%2Fv2%2Fmedia&parent=360"}],"curies":[{"name":"wp","href":"https:\/\/api.w.org\/{rel}","templated":true}]}}