{"id":436,"date":"2015-07-03T12:41:36","date_gmt":"2015-07-03T12:41:36","guid":{"rendered":"http:\/\/helemaure.fr\/?page_id=436"},"modified":"2015-07-03T12:42:17","modified_gmt":"2015-07-03T12:42:17","slug":"la-vue","status":"publish","type":"page","link":"https:\/\/helemaure.fr\/?page_id=436&lang=fr","title":{"rendered":"La vue"},"content":{"rendered":"<p style=\"text-align: justify;\"><a href=\"https:\/\/helemaure.fr\/wp-content\/uploads\/2015\/07\/La-vall\u00e9e-et-la-mer.jpg\"><img loading=\"lazy\" decoding=\"async\" class=\"alignright wp-image-439 size-medium\" src=\"https:\/\/helemaure.fr\/wp-content\/themes\/grey-opaque\/plugins\/lazy-load\/images\/1x1.trans.gif\" data-lazy-src=\"https:\/\/helemaure.fr\/wp-content\/uploads\/2015\/07\/La-vall\u00e9e-et-la-mer-300x199.jpg\" alt=\"La vall\u00e9e et la mer\" width=\"300\" height=\"199\" \/><noscript><img loading=\"lazy\" decoding=\"async\" class=\"alignright wp-image-439 size-medium\" src=\"https:\/\/helemaure.fr\/wp-content\/uploads\/2015\/07\/La-vall\u00e9e-et-la-mer-300x199.jpg\" alt=\"La vall\u00e9e et la mer\" width=\"300\" height=\"199\" srcset=\"https:\/\/helemaure.fr\/wp-content\/uploads\/2015\/07\/La-vall\u00e9e-et-la-mer-300x199.jpg 300w, https:\/\/helemaure.fr\/wp-content\/uploads\/2015\/07\/La-vall\u00e9e-et-la-mer.jpg 800w\" sizes=\"(max-width: 300px) 100vw, 300px\" \/><\/noscript><\/a>La vue est la principale qualit\u00e9 de la propri\u00e9t\u00e9. Le terrain est en pente face au sud, \u00e0 la vall\u00e9e et \u00e0 la mer et la vue est la grandiose de partout. La vue est \u00e0 180\u00b0 des collines de Cannes au sud est \u00e0 la colline d&#8217;Auribeau au nord ouest en passant par la vall\u00e9e de la Siagne, la m\u00e9diterran\u00e9e et les collines du Tanneron.<\/p>\n<p style=\"text-align: justify;\"><a href=\"https:\/\/helemaure.fr\/wp-content\/uploads\/2015\/07\/Le-tanneron.jpg\"><img loading=\"lazy\" decoding=\"async\" class=\"alignleft wp-image-440 size-medium\" src=\"https:\/\/helemaure.fr\/wp-content\/themes\/grey-opaque\/plugins\/lazy-load\/images\/1x1.trans.gif\" data-lazy-src=\"https:\/\/helemaure.fr\/wp-content\/uploads\/2015\/07\/Le-tanneron-300x199.jpg\" alt=\"Le tanneron\" width=\"300\" height=\"199\" \/><noscript><img loading=\"lazy\" decoding=\"async\" class=\"alignleft wp-image-440 size-medium\" src=\"https:\/\/helemaure.fr\/wp-content\/uploads\/2015\/07\/Le-tanneron-300x199.jpg\" alt=\"Le tanneron\" width=\"300\" height=\"199\" srcset=\"https:\/\/helemaure.fr\/wp-content\/uploads\/2015\/07\/Le-tanneron-300x199.jpg 300w, https:\/\/helemaure.fr\/wp-content\/uploads\/2015\/07\/Le-tanneron.jpg 800w\" sizes=\"(max-width: 300px) 100vw, 300px\" \/><\/noscript><\/a><a href=\"https:\/\/helemaure.fr\/wp-content\/uploads\/2015\/07\/Vue-de-la-piscine.jpg\"><img loading=\"lazy\" decoding=\"async\" class=\"alignright wp-image-438 size-medium\" src=\"https:\/\/helemaure.fr\/wp-content\/themes\/grey-opaque\/plugins\/lazy-load\/images\/1x1.trans.gif\" data-lazy-src=\"https:\/\/helemaure.fr\/wp-content\/uploads\/2015\/07\/Vue-de-la-piscine-300x225.jpg\" alt=\"Vue de la piscine\" width=\"300\" height=\"225\" \/><noscript><img loading=\"lazy\" decoding=\"async\" class=\"alignright wp-image-438 size-medium\" src=\"https:\/\/helemaure.fr\/wp-content\/uploads\/2015\/07\/Vue-de-la-piscine-300x225.jpg\" alt=\"Vue de la piscine\" width=\"300\" height=\"225\" srcset=\"https:\/\/helemaure.fr\/wp-content\/uploads\/2015\/07\/Vue-de-la-piscine-300x225.jpg 300w, https:\/\/helemaure.fr\/wp-content\/uploads\/2015\/07\/Vue-de-la-piscine.jpg 800w\" sizes=\"(max-width: 300px) 100vw, 300px\" \/><\/noscript><br \/>\n<\/a><\/p>\n","protected":false},"excerpt":{"rendered":"<p>La vue est la principale qualit\u00e9 de la propri\u00e9t\u00e9. Le terrain est en pente face au sud, \u00e0 la vall\u00e9e et \u00e0 la mer et la vue est la grandiose de partout. La vue est \u00e0 180\u00b0 des collines de &hellip; <a href=\"https:\/\/helemaure.fr\/?page_id=436&#038;lang=fr\">Continue reading <span class=\"meta-nav\">&rarr;<\/span><\/a><\/p>\n","protected":false},"author":1,"featured_media":0,"parent":0,"menu_order":0,"comment_status":"closed","ping_status":"closed","template":"","meta":{"footnotes":""},"_links":{"self":[{"href":"https:\/\/helemaure.fr\/index.php?rest_route=\/wp\/v2\/pages\/436"}],"collection":[{"href":"https:\/\/helemaure.fr\/index.php?rest_route=\/wp\/v2\/pages"}],"about":[{"href":"https:\/\/helemaure.fr\/index.php?rest_route=\/wp\/v2\/types\/page"}],"author":[{"embeddable":true,"href":"https:\/\/helemaure.fr\/index.php?rest_route=\/wp\/v2\/users\/1"}],"replies":[{"embeddable":true,"href":"https:\/\/helemaure.fr\/index.php?rest_route=%2Fwp%2Fv2%2Fcomments&post=436"}],"version-history":[{"count":2,"href":"https:\/\/helemaure.fr\/index.php?rest_route=\/wp\/v2\/pages\/436\/revisions"}],"predecessor-version":[{"id":443,"href":"https:\/\/helemaure.fr\/index.php?rest_route=\/wp\/v2\/pages\/436\/revisions\/443"}],"wp:attachment":[{"href":"https:\/\/helemaure.fr\/index.php?rest_route=%2Fwp%2Fv2%2Fmedia&parent=436"}],"curies":[{"name":"wp","href":"https:\/\/api.w.org\/{rel}","templated":true}]}}