{"id":697,"date":"2016-04-20T09:27:39","date_gmt":"2016-04-20T09:27:39","guid":{"rendered":"http:\/\/helemaure.fr\/?page_id=697"},"modified":"2016-04-20T09:27:39","modified_gmt":"2016-04-20T09:27:39","slug":"a-propos","status":"publish","type":"page","link":"https:\/\/helemaure.fr\/?page_id=697&lang=fr","title":{"rendered":"A propos"},"content":{"rendered":"<p style=\"text-align: justify;\"><a href=\"https:\/\/helemaure.fr\/wp-content\/uploads\/2015\/06\/Maison.jpg\"><img loading=\"lazy\" decoding=\"async\" class=\"alignright size-thumbnail wp-image-20\" src=\"https:\/\/helemaure.fr\/wp-content\/themes\/grey-opaque\/plugins\/lazy-load\/images\/1x1.trans.gif\" data-lazy-src=\"https:\/\/helemaure.fr\/wp-content\/uploads\/2015\/06\/Maison-150x150.jpg\" alt=\"Maison\" width=\"150\" height=\"150\" \/><noscript><img loading=\"lazy\" decoding=\"async\" class=\"alignright size-thumbnail wp-image-20\" src=\"https:\/\/helemaure.fr\/wp-content\/uploads\/2015\/06\/Maison-150x150.jpg\" alt=\"Maison\" width=\"150\" height=\"150\" \/><\/noscript><\/a>Helemaure est notre maison de famille. nous l&#8217;occupons plusieurs mois par an avec nos trois enfants et nos \u00a0petits enfants. Nous l&#8217;avons con\u00e7ue pour \u00eatre agr\u00e9able \u00e0 vivre par des personnes de tous ages et nous avons pr\u00e9vu plein d&#8217;endroits pour que chacun puisse faire ce qu&#8217;il veut sans g\u00eaner les autres. Il nous arrive de la louer quand nous ne l&#8217;occupons pas mais ce n&#8217;est pas une activit\u00e9 \u00e9conomique.<\/p>\n<ul>\n<li style=\"text-align: justify;\"><a href=\"https:\/\/helemaure.fr\/?page_id=537&amp;lang=fr\">En savoir plus\u00a0sur l&#8217;histoire de la maison et du pays<\/a><\/li>\n<li style=\"text-align: justify;\"><a href=\"https:\/\/helemaure.fr\/?page_id=561&amp;lang=fr\">Tout savoir sur le l\u00e9zard<\/a><\/li>\n<\/ul>\n","protected":false},"excerpt":{"rendered":"<p>Helemaure est notre maison de famille. nous l&#8217;occupons plusieurs mois par an avec nos trois enfants et nos \u00a0petits enfants. Nous l&#8217;avons con\u00e7ue pour \u00eatre agr\u00e9able \u00e0 vivre par des personnes de tous ages et nous avons pr\u00e9vu plein d&#8217;endroits &hellip; <a href=\"https:\/\/helemaure.fr\/?page_id=697&#038;lang=fr\">Continue reading <span class=\"meta-nav\">&rarr;<\/span><\/a><\/p>\n","protected":false},"author":1,"featured_media":0,"parent":0,"menu_order":0,"comment_status":"closed","ping_status":"closed","template":"","meta":{"footnotes":""},"_links":{"self":[{"href":"https:\/\/helemaure.fr\/index.php?rest_route=\/wp\/v2\/pages\/697"}],"collection":[{"href":"https:\/\/helemaure.fr\/index.php?rest_route=\/wp\/v2\/pages"}],"about":[{"href":"https:\/\/helemaure.fr\/index.php?rest_route=\/wp\/v2\/types\/page"}],"author":[{"embeddable":true,"href":"https:\/\/helemaure.fr\/index.php?rest_route=\/wp\/v2\/users\/1"}],"replies":[{"embeddable":true,"href":"https:\/\/helemaure.fr\/index.php?rest_route=%2Fwp%2Fv2%2Fcomments&post=697"}],"version-history":[{"count":1,"href":"https:\/\/helemaure.fr\/index.php?rest_route=\/wp\/v2\/pages\/697\/revisions"}],"predecessor-version":[{"id":698,"href":"https:\/\/helemaure.fr\/index.php?rest_route=\/wp\/v2\/pages\/697\/revisions\/698"}],"wp:attachment":[{"href":"https:\/\/helemaure.fr\/index.php?rest_route=%2Fwp%2Fv2%2Fmedia&parent=697"}],"curies":[{"name":"wp","href":"https:\/\/api.w.org\/{rel}","templated":true}]}}